{"id":8297,"date":"2025-10-20T14:30:17","date_gmt":"2025-10-20T11:30:17","guid":{"rendered":"https:\/\/halklailiskiler.avrasya.edu.tr\/?page_id=8297"},"modified":"2025-11-24T10:41:23","modified_gmt":"2025-11-24T07:41:23","slug":"program-ogretim-amaclari","status":"publish","type":"page","link":"https:\/\/halklailiskiler.avrasya.edu.tr\/?page_id=8297","title":{"rendered":"Program \u00d6\u011fretim Ama\u00e7lar\u0131"},"content":{"rendered":"\n<p><strong>P\u00d6A1:<\/strong> Halkla \u0130li\u015fkiler ve Tan\u0131t\u0131m b\u00f6l\u00fcm\u00fc program\u0131n\u0131n temel amac\u0131 ileti\u015fim, tan\u0131t\u0131m ve medya alanlar\u0131nda teorik bilgi ve pratik becerilere sahip, yarat\u0131c\u0131 ve yenilik\u00e7i \u00e7\u00f6z\u00fcmler sunabilen, etik de\u011ferlere ba\u011fl\u0131, dijital medya ve teknoloji kullan\u0131m\u0131nda yetkin, etkili ileti\u015fim kurabilen, sekt\u00f6re uygun profesyonel bireyler yeti\u015ftirmeyi hedefler.<\/p>\n\n\n\n<p><strong>P\u00d6A2:<\/strong> Program, \u00f6\u011frencilerin teorik bilgileri ile beraber uygulamal\u0131 bilgi ve becerilerini\u00a0\u00a0 geli\u015ftirmeyi, profesyonel ileti\u015fimciler olarak sekt\u00f6rel projelerde aktif rol almalar\u0131n\u0131 sa\u011flamay\u0131 ve teorik bilgilerini sahada uygulayabilecek donan\u0131ma sahip olmalar\u0131n\u0131 ama\u00e7lamaktad\u0131r.<\/p>\n\n\n\n<p><strong>P\u00d6A3:<\/strong> E\u011fitim s\u00fcrecinde d\u0131\u015f payda\u015flarla g\u00fc\u00e7l\u00fc ili\u015fkiler kurarak \u00f6\u011frencilerin sekt\u00f6re entegrasyonunu kolayla\u015ft\u0131rmak, teorik bilginin pratikle zenginle\u015fmesini sa\u011flayarak katma de\u011fer sa\u011flayacak bireyler yeti\u015ftirmek program\u0131n ana ama\u00e7lar\u0131ndand\u0131r.<\/p>\n","protected":false},"excerpt":{"rendered":"<p>P\u00d6A1: Halkla \u0130li\u015fkiler ve Tan\u0131t\u0131m b\u00f6l\u00fcm\u00fc program\u0131n\u0131n temel amac\u0131 ileti\u015fim, tan\u0131t\u0131m ve medya alanlar\u0131nda teorik bilgi ve pratik becerilere sahip, yarat\u0131c\u0131 ve yenilik\u00e7i \u00e7\u00f6z\u00fcmler sunabilen, etik de\u011ferlere ba\u011fl\u0131, dijital medya [&hellip;]<\/p>\n","protected":false},"author":1,"featured_media":0,"parent":0,"menu_order":0,"comment_status":"closed","ping_status":"closed","template":"","meta":{"footnotes":""},"class_list":["post-8297","page","type-page","status-publish","hentry"],"_links":{"self":[{"href":"https:\/\/halklailiskiler.avrasya.edu.tr\/index.php?rest_route=\/wp\/v2\/pages\/8297","targetHints":{"allow":["GET"]}}],"collection":[{"href":"https:\/\/halklailiskiler.avrasya.edu.tr\/index.php?rest_route=\/wp\/v2\/pages"}],"about":[{"href":"https:\/\/halklailiskiler.avrasya.edu.tr\/index.php?rest_route=\/wp\/v2\/types\/page"}],"author":[{"embeddable":true,"href":"https:\/\/halklailiskiler.avrasya.edu.tr\/index.php?rest_route=\/wp\/v2\/users\/1"}],"replies":[{"embeddable":true,"href":"https:\/\/halklailiskiler.avrasya.edu.tr\/index.php?rest_route=%2Fwp%2Fv2%2Fcomments&post=8297"}],"version-history":[{"count":4,"href":"https:\/\/halklailiskiler.avrasya.edu.tr\/index.php?rest_route=\/wp\/v2\/pages\/8297\/revisions"}],"predecessor-version":[{"id":8392,"href":"https:\/\/halklailiskiler.avrasya.edu.tr\/index.php?rest_route=\/wp\/v2\/pages\/8297\/revisions\/8392"}],"wp:attachment":[{"href":"https:\/\/halklailiskiler.avrasya.edu.tr\/index.php?rest_route=%2Fwp%2Fv2%2Fmedia&parent=8297"}],"curies":[{"name":"wp","href":"https:\/\/api.w.org\/{rel}","templated":true}]}}